{"id":4761,"date":"2019-07-05T14:36:12","date_gmt":"2019-07-05T12:36:12","guid":{"rendered":"https:\/\/gremicafe.cat\/?page_id=4761"},"modified":"2019-07-08T08:50:30","modified_gmt":"2019-07-08T06:50:30","slug":"premis","status":"publish","type":"page","link":"https:\/\/gremicafe.cat\/es\/premis\/","title":{"rendered":"Premios"},"content":{"rendered":"<section id=\"ut-section-69f43e534f3f9\" data-vc-full-width=\"true\" data-vc-full-width-init=\"false\" class=\"vc_section vc_section-has-fill ut-section-69f43e534f40d\"><div id=\"ut-row-69f43e534fac1\" data-vc-full-width=\"true\" data-vc-full-width-init=\"false\" class=\"vc_row wpb_row vc_row-fluid vc_column-gap-0 ut-row-69f43e534facc\" ><div class=\"wpb_column vc_column_container vc_col-sm-12\" ><div id=\"ut_inner_column_69f43e5350266\" class=\"vc_column-inner\"><div class=\"wpb_wrapper\"><div class=\"wpb_content_element\"><style type=\"text\/css\" scoped>#ut_header_69f43e5350453 h2 span { color:#ffffff; }#ut_header_69f43e5350453.pt-style-2 .page-title:after, #ut_header_69f43e5350453.pt-style-2 .parallax-title:after, #ut_header_69f43e5350453.pt-style-2 .section-title:after {background-color: #ffffff;height: ;width: ;}<\/style><header id=\"ut_header_69f43e5350453\" class=\"section-header pt-style-2 header-center\"><h2  class=\"section-title\"><span>El caf\u00e9 preferido de los catalanes<\/span><\/h2><\/header><\/div><\/div><\/div><\/div><\/div><div class=\"vc_row-full-width vc_clearfix\"><\/div><style type=\"text\/css\" scoped>#ut-section-69f43e534f3f9{background-color: #402e20 !important;} <\/style><\/section><div class=\"vc_row-full-width vc_clearfix\"><\/div><section id=\"ut-section-69f43e5350a5d\" data-vc-full-width=\"true\" data-vc-full-width-init=\"false\" class=\"vc_section vc_section-has-no-fill ut-section-69f43e5350a65\"><div id=\"ut-row-69f43e5350f54\" data-vc-full-width=\"true\" data-vc-full-width-init=\"false\" class=\"vc_row wpb_row vc_row-fluid custom_container vc_column-gap-0 ut-row-69f43e5350f60\" ><div class=\"wpb_column vc_column_container vc_col-sm-12\" ><div id=\"ut_inner_column_69f43e53513b3\" class=\"vc_column-inner\"><div class=\"wpb_wrapper\">\n\t<div class=\"wpb_text_column wpb_content_element  vc_custom_1562568628152\" >\n\t\t<div class=\"wpb_wrapper\">\n\t\t\t<table id=\"menu_cafe_preferit\">\n<tbody>\n<tr>\n<td><a href=\"\/es\/cafe-preferit-catalans\/\">\u00a1Participa!<\/a><\/td>\n<td><a href=\"\/es\/el-cafe-a-catalunya\/\" target=\"_blank\" rel=\"noopener noreferrer\">El caf\u00e9 en Catalu\u00f1a<\/a><\/td>\n<td><a href=\"\/es\/bases\/\">Bases<\/a><\/td>\n<td><a href=\"#\">Premios<\/a><\/td>\n<\/tr>\n<\/tbody>\n<\/table>\n\n\t\t<\/div>\n\t<\/div>\n<\/div><\/div><\/div><\/div><div class=\"vc_row-full-width vc_clearfix\"><\/div><style type=\"text\/css\" scoped>#ut-section-69f43e5350a5d{padding-top: 0px !important;} <\/style><\/section><div class=\"vc_row-full-width vc_clearfix\"><\/div><section id=\"ut-section-69f43e5351ef3\" data-vc-full-width=\"true\" data-vc-full-width-init=\"false\" class=\"vc_section vc_section-has-no-fill ut-section-69f43e5351eff\"><div id=\"ut-row-69f43e5352388\" data-vc-full-width=\"true\" data-vc-full-width-init=\"false\" class=\"vc_row wpb_row vc_row-fluid vc_column-gap-0 ut-row-69f43e5352394\" ><div class=\"wpb_column vc_column_container vc_col-sm-12\" ><div id=\"ut_inner_column_69f43e53527c6\" class=\"vc_column-inner\"><div class=\"wpb_wrapper\"><div class=\"vc_empty_space\"   style=\"height: 20px\" ><span class=\"vc_empty_space_inner\"><\/span><\/div>\n<\/div><\/div><\/div><\/div><div class=\"vc_row-full-width vc_clearfix\"><\/div><div id=\"ut-row-69f43e5352dc7\" data-vc-full-width=\"true\" data-vc-full-width-init=\"false\" class=\"vc_row wpb_row vc_row-fluid vc_column-gap-0 ut-row-69f43e5352dd3\" ><div class=\"wpb_column vc_column_container vc_col-sm-12\" ><div id=\"ut_inner_column_69f43e5353209\" class=\"vc_column-inner\"><div class=\"wpb_wrapper\"><div class=\"wpb_content_element\"><style type=\"text\/css\" scoped>#ut_header_69f43e53534d8 h2 span { color:; }#ut_header_69f43e53534d8.pt-style-2 .page-title:after, #ut_header_69f43e53534d8.pt-style-2 .parallax-title:after, #ut_header_69f43e53534d8.pt-style-2 .section-title:after {background-color: ;height: ;width: ;}<\/style><header id=\"ut_header_69f43e53534d8\" class=\"section-header pt-style-2 header-left\"><h2  class=\"section-title\"><span>Premios<\/span><\/h2><\/header><\/div>\n\t<div class=\"wpb_text_column wpb_content_element\" >\n\t\t<div class=\"wpb_wrapper\">\n\t\t\t<p>Aqu\u00ed mostrar\u00edamos los premios.<br \/>\nY con texto block. Click edit button to change this text. Lorem ipsum dolor sit almen, consectetur adipiscing \u00e9lite. Ud \u00e9lite tellus, luctus nec ullamcorper mattis, pulvinar dapibus leo.<\/p>\n\n\t\t<\/div>\n\t<\/div>\n\n\t<div class=\"wpb_text_column wpb_content_element\" >\n\t\t<div class=\"wpb_wrapper\">\n\t\t\t\n\n\t\t<\/div>\n\t<\/div>\n<\/div><\/div><\/div><\/div><div class=\"vc_row-full-width vc_clearfix\"><\/div><\/section><div class=\"vc_row-full-width vc_clearfix\"><\/div>","protected":false},"excerpt":{"rendered":"#ut_header_69f43e5357b39 h2 span { color:#ffffff; }#ut_header_69f43e5357b39.pt-style-2 .page-title:after, #ut_header_69f43e5357b39.pt-style-2 .parallax-title:after, #ut_header_69f43e5357b39.pt-style-2 .section-title:after {background-color: #ffffff;height: ;width: ;}El caf\u00e8 preferit dels catalans#ut-section-69f43e53572be{background-color: #402e20 !important;} Participa-hi! El caf\u00e8 a Catalunya Bases Premis #ut-section-69f43e5358093{padding-top: 0px !important;} #ut_header_69f43e5359c1d h2 span { color:; }#ut_header_69f43e5359c1d.pt-style-2 .page-title:after, #ut_header_69f43e5359c1d.pt-style-2 .parallax-title:after, #ut_header_69f43e5359c1d.pt-style-2 .section-title:after {background-color: ;height: ;width: ;}Premis Aqu\u00ed mostrariem els premis. I am text block. Click [...]","protected":false},"author":1,"featured_media":0,"parent":0,"menu_order":0,"comment_status":"closed","ping_status":"closed","template":"","meta":{"_acf_changed":false,"inline_featured_image":false,"footnotes":""},"class_list":["post-4761","page","type-page","status-publish","hentry"],"acf":[],"yoast_head":"<!-- This site is optimized with the Yoast SEO plugin v25.5 - https:\/\/yoast.com\/wordpress\/plugins\/seo\/ -->\n<title>Premis - Gremi del Caf\u00e8, torradors de Catalunya<\/title>\n<meta name=\"robots\" content=\"index, follow, max-snippet:-1, max-image-preview:large, max-video-preview:-1\" \/>\n<link rel=\"canonical\" href=\"https:\/\/gremicafe.cat\/es\/premis\/\" \/>\n<meta property=\"og:locale\" content=\"es_ES\" \/>\n<meta property=\"og:type\" content=\"article\" \/>\n<meta property=\"og:title\" content=\"Premis - Gremi del Caf\u00e8, torradors de Catalunya\" \/>\n<meta property=\"og:url\" content=\"https:\/\/gremicafe.cat\/es\/premis\/\" \/>\n<meta property=\"og:site_name\" content=\"Gremi del Caf\u00e8, torradors de Catalunya\" \/>\n<meta property=\"article:publisher\" content=\"https:\/\/www.facebook.com\/gremicafecat\" \/>\n<meta property=\"article:modified_time\" content=\"2019-07-08T06:50:30+00:00\" \/>\n<meta name=\"twitter:card\" content=\"summary_large_image\" \/>\n<meta name=\"twitter:site\" content=\"@gremicafecat\" \/>\n<meta name=\"twitter:label1\" content=\"Tiempo de lectura\" \/>\n\t<meta name=\"twitter:data1\" content=\"1 minuto\" \/>\n<script type=\"application\/ld+json\" class=\"yoast-schema-graph\">{\"@context\":\"https:\/\/schema.org\",\"@graph\":[{\"@type\":\"WebPage\",\"@id\":\"https:\/\/gremicafe.cat\/premis\/\",\"url\":\"https:\/\/gremicafe.cat\/premis\/\",\"name\":\"Premis - Gremi del Caf\u00e8, torradors de Catalunya\",\"isPartOf\":{\"@id\":\"https:\/\/gremicafe.cat\/#website\"},\"datePublished\":\"2019-07-05T12:36:12+00:00\",\"dateModified\":\"2019-07-08T06:50:30+00:00\",\"breadcrumb\":{\"@id\":\"https:\/\/gremicafe.cat\/premis\/#breadcrumb\"},\"inLanguage\":\"es\",\"potentialAction\":[{\"@type\":\"ReadAction\",\"target\":[\"https:\/\/gremicafe.cat\/premis\/\"]}]},{\"@type\":\"BreadcrumbList\",\"@id\":\"https:\/\/gremicafe.cat\/premis\/#breadcrumb\",\"itemListElement\":[{\"@type\":\"ListItem\",\"position\":1,\"name\":\"Inici\",\"item\":\"https:\/\/gremicafe.cat\/\"},{\"@type\":\"ListItem\",\"position\":2,\"name\":\"Premis\"}]},{\"@type\":\"WebSite\",\"@id\":\"https:\/\/gremicafe.cat\/#website\",\"url\":\"https:\/\/gremicafe.cat\/\",\"name\":\"Gremi del Caf\u00e8, torradors de Catalunya\",\"description\":\"Web oficial del gremi de torradors de caf\u00e8 de Catalunya\",\"publisher\":{\"@id\":\"https:\/\/gremicafe.cat\/#organization\"},\"potentialAction\":[{\"@type\":\"SearchAction\",\"target\":{\"@type\":\"EntryPoint\",\"urlTemplate\":\"https:\/\/gremicafe.cat\/?s={search_term_string}\"},\"query-input\":{\"@type\":\"PropertyValueSpecification\",\"valueRequired\":true,\"valueName\":\"search_term_string\"}}],\"inLanguage\":\"es\"},{\"@type\":\"Organization\",\"@id\":\"https:\/\/gremicafe.cat\/#organization\",\"name\":\"Gremi del Caf\u00e8, Torradors de Catalunya\",\"url\":\"https:\/\/gremicafe.cat\/\",\"logo\":{\"@type\":\"ImageObject\",\"inLanguage\":\"es\",\"@id\":\"https:\/\/gremicafe.cat\/#\/schema\/logo\/image\/\",\"url\":\"https:\/\/gremicafe.cat\/wp-content\/uploads\/2018\/03\/gremicafe-logo250.png\",\"contentUrl\":\"https:\/\/gremicafe.cat\/wp-content\/uploads\/2018\/03\/gremicafe-logo250.png\",\"width\":250,\"height\":49,\"caption\":\"Gremi del Caf\u00e8, Torradors de Catalunya\"},\"image\":{\"@id\":\"https:\/\/gremicafe.cat\/#\/schema\/logo\/image\/\"},\"sameAs\":[\"https:\/\/www.facebook.com\/gremicafecat\",\"https:\/\/x.com\/gremicafecat\",\"https:\/\/www.instagram.com\/gremicafecat\/\",\"https:\/\/www.pinterest.es\/gremicafecat\/\",\"https:\/\/www.youtube.com\/channel\/UCGLo5Y35vLwLvP4FrPZrCrw\/\"]}]}<\/script>\n<!-- \/ Yoast SEO plugin. -->","yoast_head_json":{"title":"Premis - Gremi del Caf\u00e8, torradors de Catalunya","robots":{"index":"index","follow":"follow","max-snippet":"max-snippet:-1","max-image-preview":"max-image-preview:large","max-video-preview":"max-video-preview:-1"},"canonical":"https:\/\/gremicafe.cat\/es\/premis\/","og_locale":"es_ES","og_type":"article","og_title":"Premis - Gremi del Caf\u00e8, torradors de Catalunya","og_url":"https:\/\/gremicafe.cat\/es\/premis\/","og_site_name":"Gremi del Caf\u00e8, torradors de Catalunya","article_publisher":"https:\/\/www.facebook.com\/gremicafecat","article_modified_time":"2019-07-08T06:50:30+00:00","twitter_card":"summary_large_image","twitter_site":"@gremicafecat","twitter_misc":{"Tiempo de lectura":"1 minuto"},"schema":{"@context":"https:\/\/schema.org","@graph":[{"@type":"WebPage","@id":"https:\/\/gremicafe.cat\/premis\/","url":"https:\/\/gremicafe.cat\/premis\/","name":"Premis - Gremi del Caf\u00e8, torradors de Catalunya","isPartOf":{"@id":"https:\/\/gremicafe.cat\/#website"},"datePublished":"2019-07-05T12:36:12+00:00","dateModified":"2019-07-08T06:50:30+00:00","breadcrumb":{"@id":"https:\/\/gremicafe.cat\/premis\/#breadcrumb"},"inLanguage":"es","potentialAction":[{"@type":"ReadAction","target":["https:\/\/gremicafe.cat\/premis\/"]}]},{"@type":"BreadcrumbList","@id":"https:\/\/gremicafe.cat\/premis\/#breadcrumb","itemListElement":[{"@type":"ListItem","position":1,"name":"Inici","item":"https:\/\/gremicafe.cat\/"},{"@type":"ListItem","position":2,"name":"Premis"}]},{"@type":"WebSite","@id":"https:\/\/gremicafe.cat\/#website","url":"https:\/\/gremicafe.cat\/","name":"Gremio del Caf\u00e9, tostadores de Catalu\u00f1a","description":"Web oficial del gremio de tostadores de caf\u00e9 de Catalunya","publisher":{"@id":"https:\/\/gremicafe.cat\/#organization"},"potentialAction":[{"@type":"SearchAction","target":{"@type":"EntryPoint","urlTemplate":"https:\/\/gremicafe.cat\/?s={search_term_string}"},"query-input":{"@type":"PropertyValueSpecification","valueRequired":true,"valueName":"search_term_string"}}],"inLanguage":"es"},{"@type":"Organization","@id":"https:\/\/gremicafe.cat\/#organization","name":"Gremio del Caf\u00e9, Tostadores de Catalu\u00f1a","url":"https:\/\/gremicafe.cat\/","logo":{"@type":"ImageObject","inLanguage":"es","@id":"https:\/\/gremicafe.cat\/#\/schema\/logo\/image\/","url":"https:\/\/gremicafe.cat\/wp-content\/uploads\/2018\/03\/gremicafe-logo250.png","contentUrl":"https:\/\/gremicafe.cat\/wp-content\/uploads\/2018\/03\/gremicafe-logo250.png","width":250,"height":49,"caption":"Gremi del Caf\u00e8, Torradors de Catalunya"},"image":{"@id":"https:\/\/gremicafe.cat\/#\/schema\/logo\/image\/"},"sameAs":["https:\/\/www.facebook.com\/gremicafecat","https:\/\/x.com\/gremicafecat","https:\/\/www.instagram.com\/gremicafecat\/","https:\/\/www.pinterest.es\/gremicafecat\/","https:\/\/www.youtube.com\/channel\/UCGLo5Y35vLwLvP4FrPZrCrw\/"]}]}},"_links":{"self":[{"href":"https:\/\/gremicafe.cat\/es\/wp-json\/wp\/v2\/pages\/4761"}],"collection":[{"href":"https:\/\/gremicafe.cat\/es\/wp-json\/wp\/v2\/pages"}],"about":[{"href":"https:\/\/gremicafe.cat\/es\/wp-json\/wp\/v2\/types\/page"}],"author":[{"embeddable":true,"href":"https:\/\/gremicafe.cat\/es\/wp-json\/wp\/v2\/users\/1"}],"replies":[{"embeddable":true,"href":"https:\/\/gremicafe.cat\/es\/wp-json\/wp\/v2\/comments?post=4761"}],"version-history":[{"count":0,"href":"https:\/\/gremicafe.cat\/es\/wp-json\/wp\/v2\/pages\/4761\/revisions"}],"wp:attachment":[{"href":"https:\/\/gremicafe.cat\/es\/wp-json\/wp\/v2\/media?parent=4761"}],"curies":[{"name":"wp","href":"https:\/\/api.w.org\/{rel}","templated":true}]}}

<section id="ut-section-69f43e534f3f9" data-vc-full-width="true" data-vc-full-width-init="false" class="vc_section vc_section-has-fill ut-section-69f43e534f40d"><div id="ut-row-69f43e534fac1" data-vc-full-width="true" data-vc-full-width-init="false" class="vc_row wpb_row vc_row-fluid vc_column-gap-0 ut-row-69f43e534facc" ><div class="wpb_column vc_column_container vc_col-sm-12" ><div id="ut_inner_column_69f43e5350266" class="vc_column-inner"><div class="wpb_wrapper"><div class="wpb_content_element"><style type="text/css" scoped>#ut_header_69f43e5350453 h2 span { color:#ffffff; }#ut_header_69f43e5350453.pt-style-2 .page-title:after, #ut_header_69f43e5350453.pt-style-2 .parallax-title:after, #ut_header_69f43e5350453.pt-style-2 .section-title:after {background-color: #ffffff;height: ;width: ;}</style><header id="ut_header_69f43e5350453" class="section-header pt-style-2 header-center"><h2  class="section-title"><span>El café preferido de los catalanes</span></h2></header></div></div></div></div></div><div class="vc_row-full-width vc_clearfix"></div><style type="text/css" scoped>#ut-section-69f43e534f3f9{background-color: #402e20 !important;} </style></section><div class="vc_row-full-width vc_clearfix"></div><section id="ut-section-69f43e5350a5d" data-vc-full-width="true" data-vc-full-width-init="false" class="vc_section vc_section-has-no-fill ut-section-69f43e5350a65"><div id="ut-row-69f43e5350f54" data-vc-full-width="true" data-vc-full-width-init="false" class="vc_row wpb_row vc_row-fluid custom_container vc_column-gap-0 ut-row-69f43e5350f60" ><div class="wpb_column vc_column_container vc_col-sm-12" ><div id="ut_inner_column_69f43e53513b3" class="vc_column-inner"><div class="wpb_wrapper">
	<div class="wpb_text_column wpb_content_element  vc_custom_1562568628152" >
		<div class="wpb_wrapper">
			<table id="menu_cafe_preferit">
<tbody>
<tr>
<td><a href="/es/cafe-preferit-catalans/">¡Participa!</a></td>
<td><a href="/es/el-cafe-a-catalunya/" target="_blank" rel="noopener noreferrer">El café en Cataluña</a></td>
<td><a href="/es/bases/">Bases</a></td>
<td><a href="#">Premios</a></td>
</tr>
</tbody>
</table>

		</div>
	</div>
</div></div></div></div><div class="vc_row-full-width vc_clearfix"></div><style type="text/css" scoped>#ut-section-69f43e5350a5d{padding-top: 0px !important;} </style></section><div class="vc_row-full-width vc_clearfix"></div><section id="ut-section-69f43e5351ef3" data-vc-full-width="true" data-vc-full-width-init="false" class="vc_section vc_section-has-no-fill ut-section-69f43e5351eff"><div id="ut-row-69f43e5352388" data-vc-full-width="true" data-vc-full-width-init="false" class="vc_row wpb_row vc_row-fluid vc_column-gap-0 ut-row-69f43e5352394" ><div class="wpb_column vc_column_container vc_col-sm-12" ><div id="ut_inner_column_69f43e53527c6" class="vc_column-inner"><div class="wpb_wrapper"><div class="vc_empty_space"   style="height: 20px" ><span class="vc_empty_space_inner"></span></div>
</div></div></div></div><div class="vc_row-full-width vc_clearfix"></div><div id="ut-row-69f43e5352dc7" data-vc-full-width="true" data-vc-full-width-init="false" class="vc_row wpb_row vc_row-fluid vc_column-gap-0 ut-row-69f43e5352dd3" ><div class="wpb_column vc_column_container vc_col-sm-12" ><div id="ut_inner_column_69f43e5353209" class="vc_column-inner"><div class="wpb_wrapper"><div class="wpb_content_element"><style type="text/css" scoped>#ut_header_69f43e53534d8 h2 span { color:; }#ut_header_69f43e53534d8.pt-style-2 .page-title:after, #ut_header_69f43e53534d8.pt-style-2 .parallax-title:after, #ut_header_69f43e53534d8.pt-style-2 .section-title:after {background-color: ;height: ;width: ;}</style><header id="ut_header_69f43e53534d8" class="section-header pt-style-2 header-left"><h2  class="section-title"><span>Premios</span></h2></header></div>
	<div class="wpb_text_column wpb_content_element" >
		<div class="wpb_wrapper">
			<p>Aquí mostraríamos los premios.<br />
Y con texto block. Click edit button to change this text. Lorem ipsum dolor sit almen, consectetur adipiscing élite. Ud élite tellus, luctus nec ullamcorper mattis, pulvinar dapibus leo.</p>

		</div>
	</div>

	<div class="wpb_text_column wpb_content_element" >
		<div class="wpb_wrapper">
			

		</div>
	</div>
</div></div></div></div><div class="vc_row-full-width vc_clearfix"></div></section><div class="vc_row-full-width vc_clearfix"></div>

#ut_header_69f43e5357b39 h2 span { color:#ffffff; }#ut_header_69f43e5357b39.pt-style-2 .page-title:after, #ut_header_69f43e5357b39.pt-style-2 .parallax-title:after, #ut_header_69f43e5357b39.pt-style-2 .section-title:after {background-color: #ffffff;height: ;width: ;}El cafè preferit dels catalans#ut-section-69f43e53572be{background-color: #402e20 !important;} Participa-hi! El cafè a Catalunya Bases Premis #ut-section-69f43e5358093{padding-top: 0px !important;} #ut_header_69f43e5359c1d h2 span { color:; }#ut_header_69f43e5359c1d.pt-style-2 .page-title:after, #ut_header_69f43e5359c1d.pt-style-2 .parallax-title:after, #ut_header_69f43e5359c1d.pt-style-2 .section-title:after {background-color: ;height: ;width: ;}Premis Aquí mostrariem els premis. I am text block. Click [...]

<!-- This site is optimized with the Yoast SEO plugin v25.5 - https://yoast.com/wordpress/plugins/seo/ -->
<title>Premis - Gremi del Cafè, torradors de Catalunya</title>
<meta name="robots" content="index, follow, max-snippet:-1, max-image-preview:large, max-video-preview:-1" />
<link rel="canonical" href="https://gremicafe.cat/es/premis/" />
<meta property="og:locale" content="es_ES" />
<meta property="og:type" content="article" />
<meta property="og:title" content="Premis - Gremi del Cafè, torradors de Catalunya" />
<meta property="og:url" content="https://gremicafe.cat/es/premis/" />
<meta property="og:site_name" content="Gremi del Cafè, torradors de Catalunya" />
<meta property="article:publisher" content="https://www.facebook.com/gremicafecat" />
<meta property="article:modified_time" content="2019-07-08T06:50:30+00:00" />
<meta name="twitter:card" content="summary_large_image" />
<meta name="twitter:site" content="@gremicafecat" />
<meta name="twitter:label1" content="Tiempo de lectura" />
	<meta name="twitter:data1" content="1 minuto" />
<script type="application/ld+json" class="yoast-schema-graph">{"@context":"https://schema.org","@graph":[{"@type":"WebPage","@id":"https://gremicafe.cat/premis/","url":"https://gremicafe.cat/premis/","name":"Premis - Gremi del Cafè, torradors de Catalunya","isPartOf":{"@id":"https://gremicafe.cat/#website"},"datePublished":"2019-07-05T12:36:12+00:00","dateModified":"2019-07-08T06:50:30+00:00","breadcrumb":{"@id":"https://gremicafe.cat/premis/#breadcrumb"},"inLanguage":"es","potentialAction":[{"@type":"ReadAction","target":["https://gremicafe.cat/premis/"]}]},{"@type":"BreadcrumbList","@id":"https://gremicafe.cat/premis/#breadcrumb","itemListElement":[{"@type":"ListItem","position":1,"name":"Inici","item":"https://gremicafe.cat/"},{"@type":"ListItem","position":2,"name":"Premis"}]},{"@type":"WebSite","@id":"https://gremicafe.cat/#website","url":"https://gremicafe.cat/","name":"Gremi del Cafè, torradors de Catalunya","description":"Web oficial del gremi de torradors de cafè de Catalunya","publisher":{"@id":"https://gremicafe.cat/#organization"},"potentialAction":[{"@type":"SearchAction","target":{"@type":"EntryPoint","urlTemplate":"https://gremicafe.cat/?s={search_term_string}"},"query-input":{"@type":"PropertyValueSpecification","valueRequired":true,"valueName":"search_term_string"}}],"inLanguage":"es"},{"@type":"Organization","@id":"https://gremicafe.cat/#organization","name":"Gremi del Cafè, Torradors de Catalunya","url":"https://gremicafe.cat/","logo":{"@type":"ImageObject","inLanguage":"es","@id":"https://gremicafe.cat/#/schema/logo/image/","url":"https://gremicafe.cat/wp-content/uploads/2018/03/gremicafe-logo250.png","contentUrl":"https://gremicafe.cat/wp-content/uploads/2018/03/gremicafe-logo250.png","width":250,"height":49,"caption":"Gremi del Cafè, Torradors de Catalunya"},"image":{"@id":"https://gremicafe.cat/#/schema/logo/image/"},"sameAs":["https://www.facebook.com/gremicafecat","https://x.com/gremicafecat","https://www.instagram.com/gremicafecat/","https://www.pinterest.es/gremicafecat/","https://www.youtube.com/channel/UCGLo5Y35vLwLvP4FrPZrCrw/"]}]}</script>
<!-- / Yoast SEO plugin. -->

Premis - Gremi del Cafè, torradors de Catalunya

Gremi del Cafè, torradors de Catalunya

Gremio del Café, tostadores de Cataluña

Web oficial del gremio de tostadores de café de Catalunya

Gremio del Café, Tostadores de Cataluña

Gremi del Cafè, Torradors de Catalunya
